*z. Determine u(3).
-24
Let d(c) be the third derivative of -c**5/60 - c**3/2 - 230*c**2. Calculate d(-3).
-12
Let t be 324/126 + 8/(-14). Let x(j) = 2*j**2 - j - 3. Give x(t).
3
Let w = 253 - 248. Let m(r) be the first derivative of -1/2*r**2 + 11 - w*r. Calculate m(-7).
2
Let g(v) = 20*v + 21*v + 25 - 47*v - 17 + 15. Calculate g(4).
-1
Suppose 3*b = 4*w + 5, 0 = -3*b - 5*w + 23 - 9. Let x(d) = 3*d - 4. What is x(b)?
5
Suppose 5*q = 7 - 2. Let t(h) = -h - 1. Let v(a) = 2. Let i(k) = 1. Let r(u) = 9*i(u) - 4*v(u). Let g(y) = -3*r(y) - t(y). Determine g(q).
-1
Let d(x) be the second derivative of -x**4/12 + 2*x**3 - 25*x**2/2 + 10*x - 13. What is d(11)?
-14
Suppose 3*q - 180 = 3*h + 66, 3*q - 5*h = 246. Suppose 31 = -3*d - 47. Let l be (-4)/26 - q/d. Let r(u) = -u**2 + 2*u - 2. Determine r(l).
-5
Let w(u) = 58*u**2 - 7*u + 32. Let h(a) = 29*a**2 - 3*a + 13. Let i(n) = -5*h(n) + 2*w(n). Calculate i(1).
-29
Let i = 11 - 11. Let f(h) = -5*h**3 + 4*h**2 + h - 11. Let d(q) = -14*q**3 + 11*q**2 + 3*q - 32. Let p(w) = 4*d(w) - 11*f(w). Give p(i).
-7
Let p(y) = -3*y**2 - 6*y + 2. Let h(w) = 2*w**2 + 6*w - 3. Let n(b) = -4*h(b) - 3*p(b). Determine n(5).
1
Let d(a) = 8*a**2 - 28*a**2 + 13*a**2 + 6*a**2 - 8 - 1. Calculate d(0).
-9
Let t(a) = -a - 1. Let x(o) = -o**3 + o**2 + o - 1. Let n(f) = -f**3 - 5*f**2 - 4*f - 20. Let u(v) = n(v) - 2*x(v). Let r be u(8). Calculate t(r).
1
Let w(u) = 5*u**3 - u**2 - 2*u + 9. Let k(h) = -9*h**3 + 3*h**2 + 4*h - 17. Let l = 23 + -27. Let b(n) = l*k(n) - 7*w(n). What is b(4)?
-19
Suppose 7*b + 250 = -18*b. Let v(d) = 2*d + 11. What is v(b)?
-9
Let r(m) = -31*m - 90. Let u be r(-3). Let b(h) = -13*h + 1. Determine b(u).
-38
Let c(r) be the third derivative of 1/6*r**3 + 0 + 0*r + 1/24*r**4 - 44*r**2. What is c(-7)?
-6
Let q(l) be the third derivative of l**7/840 - 7*l**6/360 + l**5/40 - 3*l**4/8 - 3*l**3 - 19*l**2. Let k(n) be the first derivative of q(n). Give k(7).
12
Let w(i) = -i**2 + i - 1. Let o = 34 - 34. Determine w(o).
-1
Let l(f) be the first derivative of 1/2*f**2 - 4*f - 1. Let m be (-132)/(-308) + 24/(-7). Determine l(m).
-7
Let i = -10 + 15. Let u = 4 - -2. Let l(v) = v**3 + v + i*v + 1 + 6*v**2 + u. Give l(-5).
2
Let a(r) = -8*r - 12. Let f(o) = 34*o + 72. Let v(q) = 11*q + 24. Let x(b) = 4*f(b) - 11*v(b). Let u(l) = 11*a(l) + 6*x(l). Give u(-9).
-6
Let z = 66 + -53. Let b(o) = 3 + z*o**3 + 5*o**2 - 4 - 14*o**3 + 3*o - 4. Determine b(5).
10
Let r(h) = -15*h**3 - 37*h**2 - 14*h + 116. Let u(w) = 4*w**3 + 9*w**2 + 4*w - 29. Let t(z) = -3*r(z) - 11*u(z). Calculate t(-12).
-5
Let x(r) = -r**2 - r + 2. Suppose 2*g = 3*g - 4. Suppose -m + 0*m = -4, -3*f - 10 = -4*m. Suppose f*a - 26 = -3*a + g*d, -16 = 4*d. Calculate x(a).
-4
Let x(a) = -3*a + 1 + 4*a - 2. Let b be 3 - (-15)/((-3)/1). Let r be -5*b/(-6)*-3. Determine x(r).
4
Let o(z) = -z + 2*z**2 + 16 - 4*z - 13 + z**3 + 0*z**2. Calculate o(-4).
-9
Let g = -40 - -40. Suppose -s - 2*q - 3 = g, -2*s - q = -3*s + 12. Let p(m) = -2*m + 10. What is p(s)?
-4
Let c(s) = -6*s**3 - 18*s**2 - 13*s + 5. Let w(o) = -8*o**3 - 27*o**2 - 19*o + 7. Let m(f) = -7*c(f) + 5*w(f). Give m(5).
5
Let t(d) = d**2 - 16*d - 4. Let h be t(21). Let j(m) = 106*m - h*m + m**2 + 2 + 2 - 1. Determine j(-2).
-3
Let v(h) = 5 - 5*h + 3*h + 5*h + h - 5*h - h**2. Determine v(0).
5
Let s be (-23)/((-4)/(-1 - 3)). Let k = -19 - s. Let c(d) = -2*d**3 - 4 - 7*d**2 + k*d**3 + 1 - 3*d**3. Determine c(-7).
-3
Suppose -149 = -3*z - 98. Let o(h) = 1 + 11 + 2*h - z. What is o(5)?
5
Let u(r) = -r**3 - 4*r**2 + 3*r + 5. Let k(l) = -65 - 30*l - l**2 + 16 + 16*l. Let g be k(-9). Calculate u(g).
-7
Let i(z) = 5 - 14*z + 5*z - 2*z**2 + 2*z. Let m(r) = 3*r**2 + 8*r - 6. Let f(a) = 4*i(a) + 3*m(a). What is f(5)?
7
Let g(i) = i**2 + i + 1. Let j(y) = -y**2 - 2*y - 1. Let d(x) = 3*g(x) + 2*j(x). Let b be (-6)/(-27) + (-50)/(-18). Determine d(b).
7
Let n(f) = -4*f. Let g be (14/(-28))/((-2)/(-12)). Determine n(g).
12
Let x(g) = -4*g**2 + 4*g**3 - 5*g**3 + 4*g - 1 + 0*g**3. Let v = 47 + -27. Suppose -9*f = v + 25. Determine x(f).
4
Let w(n) = 5*n**3 + 11*n**2 - 7*n - 1. Let l(t) = t**3 + t**2 - 1. Let u(i) = -6*i**2 - 3*i + 3. Let j be u(1). Let m(q) = j*l(q) + w(q). Give m(4).
-7
Let b(g) = -3*g + 4 - 2 + 9*g. Let m be -3 - ((1 - (0 + -1)) + -3). Let w be -3*m/30 + (-33)/15. What is b(w)?
-10
Let g = -26 - -23. Let p(d) = 2*d + 4. Let b(z) = -5*z - 12. Let t(l) = g*b(l) - 8*p(l). Determine t(6).
-2
Let p(j) = 4*j - 12. Let x(h) = -h**2 + 6*h. Let n be x(5). Let m be p(n). Let l(g) = g**2 - 7*g - 10. What is l(m)?
-2
Let t(x) = 11*x - 1. Let g be (-8)/(-5) + 8/20. Suppose -7*i + 3 = -10*i. Let r = i + g. Calculate t(r).
10
Let o(w) = 36*w**2. Let b = 637 - 636. Determine o(b).
36
Let c(t) be the second derivative of -t**3/6 + t**2 - 52*t. Calculate c(-5).
7
Let m(n) be the second derivative of -3*n**3/2 - 39*n. Calculate m(1).
-9
Let t(l) = -7*l. Let z(o) = 2*o. Let u(f) = t(f) + 3*z(f). What is u(-4)?
4
Let t(s) be the second derivative of s**5/20 - s**4/3 - s**3/3 - 2*s**2 + 2*s. Let w = -116 - -121. Determine t(w).
11
Let j(y) be the first derivative of y**4/4 + y**3 + y**2/2 - 4*y + 212. Suppose 0 = 4*b - 4*p + 28, 3*b - 5*p + 14 = -15. Give j(b).
-7
Suppose -4*u - 77 = -3*x, -32 - 30 = 4*u + 2*x. Let p(v) = v**3 + 18*v**2 + 19*v + 8. What is p(u)?
-26
Let v(y) = 2*y**3 + y**2 + y + 1. Let k(z) = -7*z**3 + 10*z**2 - 4*z + 4. Let r(i) = -k(i) - 3*v(i). Calculate r(13).
6
Let w(k) = 2*k + 107 + 100 - 5*k**2 - 208. Give w(-2).
-25
Let p = 39 - 42. Let l = -10 - p. Let c(h) = h**3 + 8*h**2 + 7*h + 5. What is c(l)?
5
Let g = -11 - -13. Let h(p) = -p**3 - 6*p**2 + 0*p**2 + 2 + p + p**g. Let f = 254 - 259. Give h(f).
-3
Let f be ((3 - 1)/(-2))/(4 + -5). Let w(n) = -3 - 27*n**2 + 30*n**2 + 3. Calculate w(f).
3
Let x(r) = r**2 + 4*r - 1. Let o(z) = 5*z**2 + 9*z - 6. Let p(m) = o(m) - 4*x(m). What is p(6)?
-8
Let h be (-2)/(-5) + 9/15. Let c(o) = 12*o**3 - 2*o**2 - 2*o - 1. Let g(i) = -34*i**3 + 6*i**2 + 7*i + 4. Let w(q) = -7*c(q) - 2*g(q). What is w(h)?
-15
Let d(y) be the third derivative of y**5/60 + y**4/8 + y**3/2 - 71*y**2 + 1. Calculate d(-2).
1
Let b = 22 + -9. Suppose -5*m + b = -p, m - 2*p + 19 = 6*m. Let z(g) = 11*g - 7. Let a(k) = -5*k + 3. Let d(i) = 9*a(i) + 4*z(i). Determine d(m).
-4
Let a(m) be the second derivative of m**6/720 + 7*m**5/120 - m**4/3 + 9*m. Let g(t) be the third derivative of a(t). Let r be (15/(-20))/(2/8). Give g(r).
4
Suppose -h - 4 = 3*h. Let n(r) = -192*r**3 - 3*r**2 - 219*r**3 + 4*r**2 + 406*r**3 - 1. Give n(h).
5
Let v(m) = m**3 - 5*m**2 + 4*m - 5. Let a be ((-36)/(-63))/(2/7). Suppose 0*i + 4 = 2*i. Let s = a + i. What is v(s)?
-5
Suppose 4*f + 7 = -3*k + 1, 0 = -k + 3*f - 15. Let z(h) = h**2 + 5*h + 8. Give z(k).
14
Let c(m) = m**2 - 16*m + 5. Let r(f) = -15*f + 4. Let v(b) = -2*c(b) + 3*r(b). Determine v(-7).
-5
Let a be ((6/(-3))/8)/((-7)/280). Let t(q) = -2*q - 2. Give t(a).
-22
Let h be 4 - -2 - (2 + 13)/3. Let w(v) = -15*v**2 - 2*v + 1. Give w(h).
-16
Let o(b) = 3*b + 2. Let r(a) = -6*a - 3. Let d(x) = 5*o(x) + 2*r(x). Give d(-3).
-5
Let w(m) = 19*m**3 + m**2 + 2*m - 5. Let y(v) = 4*v**3 + v**2 + v. Let g(i) = w(i) - 5*y(i). What is g(-3)?
-5
Let g be (-292)/18 - (-4)/18. Let r = -14 - g. Let m(d) = -d - 2 - 2*d + 2*d - r. Give m(0).
-4
Suppose 0 = 5*q - 5*i + 7*i + 15, -5*q = i + 15. Let o(d) be the first derivative of 2*d**3/3 + 2*d**2 + 1. Determine o(q).
6
Let b(o) = 3*o + 4. Let g be -5 - -2*(60/8 - 5). Determine b(g).
4
Let r(u) = -3*u + 54. Let d be r(18). Let g be 6/(-1)*1/(-3). Let j(m) = -5*m - 2 + m - 5*m**g + d*m. What is j(-2)?
-14
Let g(n) = -7*n + 3*n**2 - 5 + 1 - 2*n**2. Let a be 5*(47/5 - 2). Suppose 52 = 3*b + a. What is g(b)?
-14
Let b(y) = y**3 + 6*y**2 + 5*y + 3. Let q be (-8)/(-68) + (-2)/17. Suppose q = -4*l - 32 + 12. What is b(l)?
3
Let u(j) = j + 6*j + 11 - j**2 - j - 3*j. Give u(5).
1
Let y(x) = -2*x**2 - 2*x + 7. Let j(k) = 4*k + 5*k + 5*k**2 - 20 - 3*k. Suppose -12*q + 11*q = 6. Let s(t) = q*j(t) - 17*y(t). What is s(1)?
3
Suppose 2*c + 3 + 5 = -2*j, -3*c - 6 = -3*j. Let z(f) = -8*f - 5. Let v(g) = 6*g + 4. Let d(y) = -5*v(y) - 4*z(y). Give d(c).
-6
Suppose -9 = 2*y - 57. Let q = y - 27. Let w(i) = 3*i + 1. What is w(q)?
-8
Let d(x) be the third 